- 8 = 0. What are the prime factors of x?
2, 41
Let k = -2 + 1. Let p be (-1)/2*(-5 - k). Suppose 0 = 5*n, -3*n - 6 = -p*y + n. What are the prime factors of y?
3
Let m(q) = -q**2 - 8*q + 10. Let k(s) = -s**2 + 11*s - 8. Let v be k(11). List the prime factors of m(v).
2, 5
Suppose -2*w = -7*w. Let s(t) = -2*t**3 + t + 1. Let l be s(-1). Suppose w = -p + l*p - 18. List the prime factors of p.
2, 3
Let q(u) = -24*u + 26. What are the prime factors of q(-4)?
2, 61
Let x(u) = -u**3 - 2*u**2 - u - 2. List the prime factors of x(-3).
2, 5
Let u(j) = -j**3 + 8*j**2 + 3. Let g be u(8). Let w be 2/(-2) + 3 - -74. Suppose -p = g*p - w. List the prime factors of p.
19
Suppose -14*i + 9*i + 170 = 0. List the prime factors of i.
2, 17
Let z = 40 + 150. List the prime factors of z.
2, 5, 19
What are the prime factors of (-150)/(-8)*((-96)/(-9))/4?
2, 5
Let b be (-2)/5 + (-17)/(-5). Suppose -2*w - 10 = 5*q, b = -3*w - 5*q - 2. Let g(y) = y**2 - 3*y - 2. List the prime factors of g(w).
2
Let m = 2 - 3. Let x be m/(-4) - (-158)/8. Suppose y = 5*y - x. List the prime factors of y.
5
Suppose -2*q - 5 = -3*t - 28, -3*q + 27 = -3*t. What are the prime factors of (6 + q - 1) + 2?
11
Let r(j) = -j**3 + 8*j**2 + 3*j. What are the prime factors of r(8)?
2, 3
Let y(h) = -22*h - 1. Let l = -4 + 5. Suppose d = -0*d - l. List the prime factors of y(d).
3, 7
Let i = 4 - 6. Let s be 1 + i + (-2)/(-1). List the prime factors of (9 - (-4)/2)*s.
11
Let x(z) = -z**2 - 2*z + 5. Let w be x(-7). List the prime factors of (-14)/(-6) - (-10)/w.
2
Suppose 3*r - 5*s - 4 = -3*s, 5*s = 5*r - 10. Suppose r = a - 2*k - 19, -53 = a - 4*a + 4*k. List the prime factors of a.
3, 5
Let f = 1146 + -779. What are the prime factors of f?
367
Suppose -3*m = 39 - 258. What are the prime factors of m?
73
Let x(s) = s**3 + 8*s**2 + s - 8. Let o be x(-8). What are the prime factors of 6*2/(o/(-52))?
3, 13
Let i = 4 + 15. What are the prime factors of i?
19
Let l = -29 - -12. Let g = -11 - l. Suppose -v - 1 = -g. What are the prime factors of v?
5
Let o be 6/24 - (-18)/(-8). Let l(j) = j**3 - 9*j**2 + 3*j + 5. Let y be l(6). List the prime factors of (o/2)/(5/y).
17
Suppose 3*h = -4*s + 299, -4*s - 2*h - 3*h + 309 = 0. What are the prime factors of s?
71
Let y(o) = o**3 + 7*o**2 + 9. Let h be y(-7). Let z = -5 + h. Suppose -58 = -4*g - 2*q, -q + 53 = z*g - 0*q. List the prime factors of g.
2, 3
Suppose -5*x - 5 = 5, t - 2*x = 9. Suppose -7*s + 12 = -3*s. Suppose 0 = s*f + t*c - 17, c = 3*f - c - 10. List the prime factors of f.
2
Let x = 3 + 1. Let l be 2/4*(-2 - -2). Suppose x*v + l*r = 4*r + 48, 3*r = -3*v + 54. What are the prime factors of v?
3, 5
Let f be -23 - (-2)/(1 + 0). List the prime factors of 65/7 + 6/f.
3
Let a(r) = 8*r + 7. Let u(y) = -4*y - 3. Let j(o) = -4*a(o) - 9*u(o). List the prime factors of j(2).
7
Let i = 37 + -20. List the prime factors of i.
17
Let h(c) = c**3 + 5*c**2 + 2*c - 5. Let i be h(-4). List the prime factors of (1/2)/(i/54).
3
Let s = 16 + 40. List the prime factors of s.
2, 7
Let q be (-1 - (-34)/1)*1. Let u = q - 10. List the prime factors of u.
23
Let m(y) = -y**3 + y**2 + 5*y + 2. Let j be m(-3). Let v = j + -8. What are the prime factors of v?
3, 5
Suppose 0*g - 3*g = -3. Let h(a) = g + 3*a - 2 - 3 + a**2 + 0. List the prime factors of h(-5).
2, 3
Suppose h = 4*i - 0*h + 33, 0 = -3*i - 2*h - 33. Let x = 12 + i. What are the prime factors of x?
3
List the prime factors of 4 - -14 - 4 - -4.
2, 3
Let u = -2 - -10. Let w = -6 + u. Suppose -4*t - w*z = -3*t - 16, 0 = -5*t - 2*z + 40. What are the prime factors of t?
2, 3
Let s be (-21)/(-2) + (-1)/2. Let i = -1 + s. What are the prime factors of i?
3
Suppose n + 2*g + g - 16 = 0, 4*g + 4 = 5*n. Suppose -190 = -n*t - t. Let y = t - 22. List the prime factors of y.
2
Suppose t - 4*h + 10 = 0, -2*h + 18 - 4 = -5*t. Let k be -2 + 6 - t/(-1). Suppose -k*q - 12 = -5*q. List the prime factors of q.
2
Suppose 0 = -4*z + 8, 0 = 2*j - 2*z - 2*z. Suppose 27 = -v + j*v. List the prime factors of v.
3
Suppose 0 = -3*a + 3 - 0. Let f be -3*((3 - a) + -3). Suppose -21 = -f*n + 36. List the prime factors of n.
19
Let k(s) = -s**3 + s**2 - s + 2. Let c be k(0). Let g be (2/(-2))/(0 + -1). Suppose -c*w + 5 = g. List the prime factors of w.
2
Let a(o) = -o + 2. Let y be a(-3). Suppose y*i = -35 + 10, -2*r + 34 = -4*i. Let t = r - 4. List the prime factors of t.
3
Suppose 294 = 3*p - 3*b, p + 5*b = 45 + 65. List the prime factors of p.
2, 5
Suppose 100 = 55*j - 54*j. What are the prime factors of j?
2, 5
Suppose 5*t - 45 - 115 = 0. Suppose a = -a + t. What are the prime factors of a?
2
Suppose -2*b + 3*a - 23 = 0, -b = -4*b - 2*a - 2. Let j(r) = -r + 3. What are the prime factors of j(b)?
7
Let x = 1 - -1. Suppose 0 = -x*s - 3*l + 28, -3*s + 2*s = 5*l. List the prime factors of s.
2, 5
Suppose 196 = y + 5. What are the prime factors of y?
191
Suppose -w = -3*z - 36 - 20, 0 = -2*w - 3*z + 139. Let g = w + -38. What are the prime factors of g?
3
Let d(s) = 3*s - 6 + 2 + 4. List the prime factors of d(5).
3, 5
Let o(s) = 2*s**2 + 7*s + 2. List the prime factors of o(-6).
2
Let u = 13 + -8. Suppose 4*d - 134 = -2*l + 106, -u*l + 591 = d. Suppose -5*g + l = 43. List the prime factors of g.
3, 5
Let l be -15*(7/(-5) - -1). Let a be 10*(0 + 3/l). Suppose -a*w = -w - 2*o - 44, -w + 4*o = -11. List the prime factors of w.
11
Suppose 0*m + 3*m = 4*l + 56, -m - 3*l = -10. List the prime factors of m.
2
Suppose 4*a + 10 = 9*a, -2*a - 6 = -2*q. Let s(j) = 3*j + 5. Let z be s(q). What are the prime factors of ((-1)/2)/((-2)/z)?
5
Suppose -2*g = 3*x - 83, 0 = 4*x - 0*x - 20. Let i = 50 - g. List the prime factors of i.
2
List the prime factors of -2 + 7/((-35)/(-1245)).
13, 19
Let k = 119 - -285. What are the prime factors of k?
2, 101
Suppose g - 2 = -0*g. Let b = g - 0. Suppose o - 5 = -b. What are the prime factors of o?
3
Let x(t) = -t. Suppose g + 4*y = 4*g - 17, -4*y - 23 = -5*g. Let h(z) = -5*z + 1. Let w(a) = g*x(a) + h(a). List the prime factors of w(-1).
3
Suppose -4 = 3*g - 10. Let a be 9*(g/(-6) - -3). Let m = -6 + a. List the prime factors of m.
2, 3
Let a = -104 + 159. List the prime factors of a.
5, 11
What are the prime factors of (1 + 11)/((-10)/(-145))?
2, 3, 29
Let d(g) = 48*g - 3. What are the prime factors of d(2)?
3, 31
Let w = 10 + -6. Suppose -3*a = -w*x + 93, 4*x + 5*a - a - 100 = 0. List the prime factors of x.
2, 3
Let w = -5 + 9. Suppose 2*q - w*l = 54, -5*q = -2*l + 5*l - 96. List the prime factors of q.
3, 7
Suppose -4*c - c + 20 = 0. Suppose 0*k + 2*k - 28 = -3*j, -2*k + 26 = c*j. List the prime factors of k.
17
Let h(z) be the third derivative of z**6/24 - z**5/60 + z**2. What are the prime factors of h(1)?
2
Let f(b) = 6*b**3 - b**3 + 3*b - 1 - 3*b**3. What are the prime factors of f(2)?
3, 7
Let c = 24 - 12. Suppose -3*n + c = 0, -5*t - n + 47 = -62. List the prime factors of t.
3, 7
Suppose -5*x - 190 = 3*q, -2*x - 39 = -3*q + 16. Suppose -2*j - 3*p = -20, 13 - 41 = -5*j - 2*p. What are the prime factors of (-95)/x + j/14?
3
Let r = -5 + 6. List the prime factors of 17 + (-2 - -2)/r.
17
Let j(x) be the first derivative of 4*x**2 - 6*x - 7. What are the prime factors of j(5)?
2, 17
Suppose 38 = 5*t - 142. What are the prime factors of t?
2, 3
Let a(j) = 2*j**3. Let q(w) = w**2 - 11*w - 1. Let k be q(11). Let h be a(k). Let d(m) = -7*m - 1. What are the prime factors of d(h)?
13
Let q be -3*(32/3 - 2). Let b = q + 38. What are the prime factors of b?
2, 3
Let l(b) = -5*b**2 + b + 1. Let u be l(-1). Let k(m) = m**2 - 6 - 10*m + 4*m + 6*m + 2*m. What are the prime factors of k(u)?
3
Let b(w) = w**3 - 6*w**2 + 12*w - 22. List the prime factors of b(5).
13
Let k be ((-3)/(-9))/((-2)/(-30)). Suppose -k*h + 4*h + 11 = 0. List the prime factors of h.
11
Let z be ((-2)/1)/(-1 - 0). Suppose -t = -4*v + 12, -z*v = -2*t + 3*t - 12. Suppose -t*f + 16 = -4*u, -5*f - 5*u + 18 + 22 = 0. List the prime factors of f.
2, 3
Let q be 3/((-3)/(-12)*3). Suppose -x + 6 = v - 7, -q*x = -5*v + 47. What are the prime factors of v?
11
Suppose -2*s + b = 7, 5*s + 3*b + 5 = 4. What are the prime factors of (32/(-10))/(s/10)?
2
Suppose -3*u - 34 = -s, 115 = 5*s + 2*u - 21. Suppose j = -3*j + s. List the prime factors of j.
7
Let q be (0 - -1 -